647?
7, 5521
What are the prime factors of 1347?
3, 449
List the prime factors of 23874.
2, 3, 23, 173
What are the prime factors of 43394?
2, 13, 1669
List the prime factors of 31684.
2, 89
List the prime factors of 1292.
2, 17, 19
What are the prime factors of 1968?
2, 3, 41
What are the prime factors of 70026?
2, 3, 11, 1061
What are the prime factors of 5329?
73
List the prime factors of 53836.
2, 43, 313
List the prime factors of 37251.
3, 4139
What are the prime factors of 74892?
2, 3, 79
List the prime factors of 19129.
11, 37, 47
What are the prime factors of 547?
547
What are the prime factors of 43403?
43403
What are the prime factors of 4074?
2, 3, 7, 97
List the prime factors of 78139.
78139
List the prime factors of 1799.
7, 257
What are the prime factors of 13865?
5, 47, 59
What are the prime factors of 7805?
5, 7, 223
List the prime factors of 511.
7, 73
List the prime factors of 46729.
83, 563
List the prime factors of 205.
5, 41
What are the prime factors of 16673?
16673
List the prime factors of 35943.
3, 11981
List the prime factors of 7573.
7573
What are the prime factors of 101136?
2, 3, 7, 43
What are the prime factors of 674?
2, 337
List the prime factors of 1892.
2, 11, 43
What are the prime factors of 4027?
4027
List the prime factors of 5641.
5641
List the prime factors of 58339.
227, 257
What are the prime factors of 1979?
1979
List the prime factors of 17236.
2, 31, 139
What are the prime factors of 4180?
2, 5, 11, 19
What are the prime factors of 7082?
2, 3541
List the prime factors of 26875.
5, 43
What are the prime factors of 1551?
3, 11, 47
List the prime factors of 2689.
2689
List the prime factors of 183.
3, 61
What are the prime factors of 94913?
7, 13, 149
What are the prime factors of 19178?
2, 43, 223
List the prime factors of 10402.
2, 7, 743
What are the prime factors of 561?
3, 11, 17
List the prime factors of 32659.
11, 2969
What are the prime factors of 10226?
2, 5113
List the prime factors of 1076.
2, 269
List the prime factors of 290.
2, 5, 29
What are the prime factors of 9287?
37, 251
List the prime factors of 25788.
2, 3, 7, 307
What are the prime factors of 5525?
5, 13, 17
What are the prime factors of 34306?
2, 17, 1009
List the prime factors of 986.
2, 17, 29
List the prime factors of 4526.
2, 31, 73
What are the prime factors of 1094?
2, 547
What are the prime factors of 5589?
3, 23
What are the prime factors of 44449?
44449
List the prime factors of 3410.
2, 5, 11, 31
What are the prime factors of 1986?
2, 3, 331
List the prime factors of 113708.
2, 7, 31, 131
What are the prime factors of 109752?
2, 3, 17, 269
What are the prime factors of 43341?
3, 14447
What are the prime factors of 973?
7, 139
List the prime factors of 434.
2, 7, 31
List the prime factors of 6213.
3, 19, 109
What are the prime factors of 5234?
2, 2617
What are the prime factors of 2140?
2, 5, 107
List the prime factors of 4895.
5, 11, 89
List the prime factors of 2974.
2, 1487
List the prime factors of 21933.
3, 2437
What are the prime factors of 62486?
2, 157, 199
List the prime factors of 7162.
2, 3581
What are the prime factors of 44395?
5, 13, 683
List the prime factors of 12878.
2, 47, 137
List the prime factors of 11031.
3, 3677
What are the prime factors of 4062?
2, 3, 677
List the prime factors of 129410.
2, 5, 12941
List the prime factors of 140559.
3, 46853
What are the prime factors of 6287?
6287
List the prime factors of 829.
829
What are the prime factors of 1006?
2, 503
List the prime factors of 810.
2, 3, 5
List the prime factors of 9000.
2, 3, 5
What are the prime factors of 9349?
9349
What are the prime factors of 2297?
2297
List the prime factors of 583.
11, 53
What are the prime factors of 14727?
3, 4909
List the prime factors of 54415.
5, 10883
What are the prime factors of 7240?
2, 5, 181
List the prime factors of 20383.
11, 17, 109
What are the prime factors of 430?
2, 5, 43
What are the prime factors of 917?
7, 131
List the prime factors of 107947.
7, 2203
List the prime factors of 4262.
2, 2131
What are the prime factors of 2160?
2, 3, 5
What are the prime factors of 1146?
2, 3, 191
What are the prime factors of 19676?
2, 4919
List the prime factors of 5528.
2, 691
What are the prime factors of 3581?
3581
What are the prime factors of 860?
2, 5, 43
What are the prime factors of 65559?
3, 13, 41
What are the prime factors of 5744?
2, 359
What are the prime factors of 18999?
3, 2111
What are the prime factors of 88963?
7, 71, 179
List the prime factors of 230.
2, 5, 23
List the prime factors of 64.
2
What are the prime factors of 17546?
2, 31, 283
What are the prime factors of 3658?
2, 31, 59
What are the prime factors of 67615?
5, 13523
What are the prime factors of 2722?
2, 1361
What are the prime factors of 4168?
2, 521
List the prime factors of 101.
101
List the prime factors of 6338.
2, 3169
List the prime factors of 91763.
7, 13109
List the prime factors of 9119.
11, 829
List the prime factors of 23789.
23789
What are the prime factors of 385?
5, 7, 11
What are the prime factors of 779?
19, 41
What are the prime factors of 7644?
2, 3, 7, 13
What are the prime factors of 4623?
3, 23, 67
What are the prime factors of 1491?
3, 7, 71
What are the prime factors of 25877?
113, 229
List the prime factors of 43302.
2, 3, 7, 1031
List the prime factors of 36423.
3, 19, 71
List the prime factors of 34120.
2, 5, 853
What are the prime factors of 766?
2, 383
What are the prime factors of 7567?
7, 23, 47
List the prime factors of 22513.
47, 479
What are the prime factors of 40149?
3, 1487
What are the prime factors of 3003?
3, 7, 11, 13
What are the prime factors of 971?
971
List the prime factors of 1242.
2, 3, 23
List the prime factors of 42899.
42899
What are the prime factors of 5731?
11, 521
List the prime factors of 71201.
13, 5477
List the prime factors of 4090.
2, 5, 409
List the prime factors of 888.
2, 3, 37
What are the prime factors of 1481?
1481
What are the prime factors of 6589?
11, 599
List the prime factors of 2093.
7, 13, 23
What are the prime factors of 1136?
2, 71
List the prime factors of 124905.
3, 5, 11, 757
List the prime factors of 6625.
5, 53
List the prime factors of 37628.
2, 23, 409
What are the prime factors of 42723?
3, 47, 101
What are the prime factors of 20593?
20593
List the prime factors of 3626.
2, 7, 37
What are the prime factors of 9258?
2, 3, 1543
List the prime factors of 23643.
3, 37, 71
List the prime factors of 3387.
3, 1129
What are the prime factors of 1298?
2, 11, 59
What are the prime factors of 34686?
2, 3, 41, 47
What are the prime factors of 6464?
2, 101
What are the prime factors of 30273?
3, 10091
What are the prime factors of 12796?
2, 7, 457
What are the prime factors of 838?
2, 419
What are the prime factors of 26481?
3, 7, 13, 97
List the prime factors of 1647.
3, 61
What are the prime factors of 5658?
2, 3, 23, 41
What are the prime factors of 4?
2
What are the prime factors of 845?
5, 13
What are the prime factors of 9579?
3, 31, 103
What are the prime factors of 509?
509
List the prime factors of 32646.
2, 3, 5441
List the prime factors of 702.
2, 3, 13
List the prime factors of 669.
3, 223
List the prime factors of 1093.
1093
What are the prime factors of 2783?
11, 23
What are the prime factors of 11023?
73, 151
What are the prime factors of 4853?
23, 211
List the prime factors of 294.
2, 3, 7
What are the prime factors of 2315?
5, 463
What are the prime factors of 8526?
2, 3, 7, 29
What are the prime factors of 1266?
2, 3, 211
List the prime factors of 8234.
2, 23, 179
List the prime factors of 2100.
2, 3, 5, 7
List the prime factors of 4830.
2, 3, 5, 7, 23
What are the prime factors of 87526?
2, 107, 409
What are the prime factors of 4394?
2, 13
List the prime factors of 1366.
2, 683
What are the prime factors of 6105?
3, 5, 11, 37
What are the prime factors of 74975?
5, 2999
List the prime factors of 11522.
2, 7, 823
What are the prime factors of 60089?
60089
What are the prime factors of 4834?
2, 2417
List the prime factors of 5164.
2, 1291
What are the prime factors of 3661?
7, 523
List the prime factors of 175.
5, 7
What are the prime factors of 1187?
1187
List the prime factors of 888.
2, 3, 37
List the prime factors of 93325.
5, 3733